 = -2*a - 2039, n - 680 = -a + 2*a. List the prime factors of n.
7, 97
Let m = 106 + -104. Suppose m*a + 3*f = 613, 1500 = -a + 6*a + f. List the prime factors of a.
13, 23
Let u = 758 + -530. Suppose -4*h - u = -8*h. List the prime factors of h.
3, 19
Let p = 251 - 160. List the prime factors of p.
7, 13
List the prime factors of (-2070)/(-40) - 2/(-8).
2, 13
Let x(r) = -3*r - 15. Let z be x(-6). Let c(i) = -i**2 + 2*i - 7. Let j be c(z). Let t = j + 15. List the prime factors of t.
5
Let s = 694 - 246. What are the prime factors of s?
2, 7
Let t(n) = -9*n**3 - 5*n - 2 + 6*n**3 + 3*n**2 + n**3. What are the prime factors of t(-4)?
2, 97
Let p(c) = -98*c + 63. List the prime factors of p(-3).
3, 7, 17
Let a(t) be the first derivative of t**4/4 - 10*t**3/3 + 5*t**2/2 + 6*t - 13. What are the prime factors of a(10)?
2, 7
Suppose -23 = -3*q - 8, 3*m = 4*q + 640. What are the prime factors of m?
2, 5, 11
Suppose -j + 3*j = 4. Suppose -v + j = 3*h, -v = -3*h + 2*h + 6. What are the prime factors of 3/(-3) + h - -1?
2
Let r(f) = -16*f - 121 + 121 - f**3 - 12*f**2. Let h be r(-11). Let m = 86 - h. What are the prime factors of m?
31
Let v = 22 - 20. Suppose 3*x = 4*i - 225, -3*i + 80 = -v*i + 4*x. Let b = i + -42. What are the prime factors of b?
2, 3
Let g(u) = 2*u - 12. Let d be g(7). Suppose 6*t = d*t + 16. Suppose 0 = t*q - 96 - 92. What are the prime factors of q?
47
Suppose -2*o - 3264 = -4*i + 432, -4615 = -5*i + 5*o. List the prime factors of i.
5, 37
Let y(u) be the first derivative of u**4 - 2*u**3 + u**2/2 + 2*u - 3. List the prime factors of y(3).
59
Let j(x) = -x + 7. Let s = 7 + -2. Let u be j(s). Suppose -u*i + 19 = 3. List the prime factors of i.
2
Suppose 4*z + z + 2*a - 886 = 0, 4*a + 868 = 5*z. Suppose -10 = -n + z. What are the prime factors of n?
2, 3, 31
Let f(t) be the first derivative of -t**4/4 + 14*t**3/3 - 13*t**2/2 + 4*t + 1. Let j be f(13). Suppose -15 = -j*x + 45. What are the prime factors of x?
3, 5
Let k be (-6)/(-9) - 57/(-9). Suppose -k*i = -f - 2*i + 18, -2*f + 3*i = -15. Suppose 16 = f*l - 14. List the prime factors of l.
2, 5
Let u = -32 + 12. What are the prime factors of (u/16)/((-4)/384)?
2, 3, 5
Suppose 0 = p + 256 - 967. Suppose 1239 + p = 6*r. What are the prime factors of r?
5, 13
Suppose -5*j = o - 143, 0 = -3*j - o + 3*o + 91. What are the prime factors of j?
29
Let v(a) = -9*a - 8. Let y(i) = -i**3 + 7*i**2 - 6*i + 1. Let k be y(5). Let f = 14 - k. List the prime factors of v(f).
5, 11
Suppose -4*a + 330 + 902 = 0. What are the prime factors of a?
2, 7, 11
Let j(t) = 34*t**2 - 9*t - 8. What are the prime factors of j(9)?
5, 13, 41
Let o = -307 + 573. What are the prime factors of 1/(-4) - o/(-8)?
3, 11
Let t(y) = 265*y - 46. List the prime factors of t(7).
3, 67
Let h be (4 + 0)*(-3)/(-4). Suppose 6 = h*m + 2*u - 0, -6 = -2*m - 2*u. Suppose b - 45 = -m*b. What are the prime factors of b?
3, 5
Suppose 14982 = -490*d + 496*d. List the prime factors of d.
11, 227
Let r(b) = 210*b + 3. List the prime factors of r(10).
3, 701
List the prime factors of -3 - -2 - (2 + -547).
2, 17
List the prime factors of 9624/18 + (-8)/3 + 2.
2, 3, 89
Suppose 3*n = -4*y - 4, n - 3*y + 0*y = 3. Suppose n = 5*q - 1388 + 383. List the prime factors of q.
3, 67
Let s(n) = 131*n - 90. What are the prime factors of s(9)?
3, 11
Suppose 55 + 15 = 14*h. Suppose -499 = -5*g + h*b + 406, 362 = 2*g - 3*b. What are the prime factors of g?
181
Let r = 1628 + -200. What are the prime factors of r?
2, 3, 7, 17
Let c = 40 - 6. Let v = c + -13. Let d = v + -1. List the prime factors of d.
2, 5
Let s = -593 + 987. List the prime factors of s.
2, 197
Suppose -8*h + 2106 = h. Suppose -h = 6*z - 1044. List the prime factors of z.
3, 5
Let n = 2548 + -323. List the prime factors of n.
5, 89
Suppose t + 5*b + 21 = 103, -5*t + 275 = -2*b. Suppose -60 = 4*d + 68. Let a = t + d. List the prime factors of a.
5
Let p be -11 + 11 - (-9 + -1). Suppose -p*o + 245 = -5*o. Let x = o + -33. List the prime factors of x.
2
Suppose -14*z + 97 = -729. What are the prime factors of z?
59
Let n = -2396 + 4073. What are the prime factors of n?
3, 13, 43
Let r be ((-26)/14*1 + 1)*-7. Suppose 0 = r*o - 1405 + 217. What are the prime factors of o?
2, 3, 11
Let g be (-4)/(-6)*5 + (-2)/6. What are the prime factors of (g/(-9))/(3/(-927))?
103
Let b = 708 - -215. What are the prime factors of b?
13, 71
Let l(p) = -p**3 - 8*p**2 + 3*p - 8. Suppose -3*y - 3*r - 52 = 2*r, 3*y = 2*r - 17. List the prime factors of l(y).
2, 23
Let m(k) = -7*k**3 + 11*k**2 + 9*k + 3. Let r(f) = 20*f**3 - 32*f**2 - 26*f - 9. Let s(d) = -17*m(d) - 6*r(d). What are the prime factors of s(5)?
2, 3
Let d = -17 - -21. Suppose -3*a + w + 58 = -d*w, -5*a - 3*w = -108. Let p = a - -19. What are the prime factors of p?
2, 5
Let h = -1522 + 2844. List the prime factors of h.
2, 661
Let f = -21 - -17. List the prime factors of (-6)/f + ((-6345)/(-10))/9.
2, 3
Let d = 35 - 31. Suppose 3*t + 195 = 4*q, -d*q + 193 = -2*t + t. List the prime factors of q.
2, 3
Let m = 39 + -12. Suppose 4*d + 11 - m = 0. Suppose a + 28 = 4*a - 5*z, 0 = -4*z + d. What are the prime factors of a?
11
Let d = -36 + 38. List the prime factors of (-47)/((-9)/d + 4).
2, 47
Suppose -7 - 3 = -2*r. Suppose 0 = -r*p - 2*g + 306, -p - 3*g = -64 - 5. Let u = p + -17. What are the prime factors of u?
43
Suppose 5*d = -2*t + 7, 0*t = 4*d - 2*t - 20. Suppose r - 5*r - 44 = -2*n, 2*n - 72 = -d*r. List the prime factors of n.
2, 3, 5
Let n = 27 + -25. Suppose z + 4*s = n*z - 105, -3*z - 3*s = -285. Suppose -b - b = 5*w - 135, 2*b = 3*w - z. What are the prime factors of w?
29
Let c = -24 - -32. Let l = 9 - c. List the prime factors of l/(-3) + (-164)/(-6).
3
Let l(c) = -c**2 + 4*c - 3. Let x be l(4). List the prime factors of (0 - 0) + 42 + x + -2.
37
Let p(b) = -b**3 + 5*b**2 + 5*b - 1. Suppose -8 = -0*s - 2*s. What are the prime factors of p(s)?
5, 7
Let a(r) = 149*r - 180. List the prime factors of a(7).
863
Let r(x) = x**2 - 2*x - 33. Let y be 37/3 + (-2)/6 + 0. What are the prime factors of r(y)?
3, 29
Let u = 88 + -80. Suppose u*m - 21 = m. What are the prime factors of m?
3
Suppose m - 541 = -5*d + 331, -1732 = -2*m + 2*d. What are the prime factors of m?
3, 17
Let u = -33 + 32. Let h be (2/(-2) - u) + 3. Suppose 0 = l + h*r - 16, 80 = 6*l - l - r. List the prime factors of l.
2
Let o(i) = i + 3. What are the prime factors of o(12)?
3, 5
Suppose -b = -3*u - 40, -4*u - 52 = b - 2*b. What are the prime factors of (-2)/8 + (-1803)/u + -4?
2, 73
Suppose 2*y - 2*v = 6*y - 2330, -5*y + 5*v + 2935 = 0. List the prime factors of y.
2, 73
List the prime factors of (-3)/(-6) - 4062/(-12).
3, 113
Let b(g) = -3*g - 2. Let y be b(-6). Let s be ((-12)/32)/((-2)/y). Suppose -5*c - i = -97, 2*c = s*i - 8*i + 25. What are the prime factors of c?
2, 5
Let y = 16 + -18. Let w be y/8 + 148/16. Suppose 7 = 4*j - w. What are the prime factors of j?
2
Suppose 4*v - 11059 = 2*d - 3811, -3614 = -2*v - 4*d. What are the prime factors of v?
1811
Let b = 1211 + 168. List the prime factors of b.
7, 197
Suppose 0 = 35*p - 45*p + 18420. List the prime factors of p.
2, 3, 307
Let r be (-17 + 18)/(1/(-5)). What are the prime factors of (-944)/(-40) + 3/r?
23
Let r(x) = x**3 + 28*x**2 + 6*x - 8. Let j be r(-20). Suppose j = 8*u + 808. List the prime factors of u.
283
Let z = -1 - -3. Suppose 2*x - r = 468, 3*x + 5*r - 212 = z*x. Suppose 3*a - x = -a. What are the prime factors of a?
2, 29
Suppose 11 = 11*h + 55. What are the prime factors of 124 - (3 + h) - 1?
2, 31
Suppose 0 = 11*x - 7*x - 8. Suppose x*l = 6*l - 28. List the prime factors of l.
7
Let q(t) = t**2 + t. Let f(c) = 5*c**2 - 4*c + 5. Let m(r) = -f(r) + 3*q(r). Let k be m(4). What are the prime factors of (8/(-3) - 0)*k?
2, 3
Let x(g) = -6*g**3 - g**2 - 3. Suppose -m + 5 = -5*f, 13 = f - m - 2*m. Let j be x(f). Let q = j - 21. What are the prime factors of q?
2, 5
Let b = 12204 - 8141. List the prime factors of b.
17, 239
Let p(i) = i**2 + 7*i + 2. Let b be p(-5). Let f be 3 + b/2 + 2. What are the prime factors of (-13)/(f/(-2)*2)?
13
Suppose 8*t - 105 = -9. Let c = t + 36. What are the prime factors of c?
2, 3
Suppose 13 = 5*j - 12. Suppose -5*p + 3*y + 326 = -110, 163 = 2*p - j*y. List the prime factor